{"id":2338,"date":"2018-11-23T22:09:10","date_gmt":"2018-11-23T22:09:10","guid":{"rendered":"https:\/\/www.on-cloud.pro\/?page_id=2338"},"modified":"2020-12-28T00:21:13","modified_gmt":"2020-12-27T22:21:13","slug":"svetainiu-talpinimas","status":"publish","type":"page","link":"https:\/\/www.on-cloud.pro\/index.php\/svetainiu-talpinimas\/","title":{"rendered":"Svetaini\u0173 talpinimas"},"content":{"rendered":"<div class=\"wpb-content-wrapper\"><p>[vc_row css=&#8221;.vc_custom_1554449410961{margin-top: 0px !important;margin-bottom: 0px !important;border-top-width: 0px !important;border-bottom-width: 0px !important;padding-top: 0px !important;padding-bottom: 0px !important;}&#8221;][vc_column css=&#8221;.vc_custom_1554449431011{margin-top: 0px !important;margin-bottom: 0px !important;border-top-width: 0px !important;border-bottom-width: 0px !important;padding-top: 0px !important;padding-bottom: 0px !important;}&#8221;]    <div id=\"kripdom-section69f89615cbea6-5194\" class=\"pt-120 pb-120 vc_custom_1554449383019\">\r\n        <div class=\"container\">\r\n\t\t<div id =\"kripdom-heading69f89615cc0dd-3403\" class=\"section-title  \" ><h2 data-animate=\"fadeInUp\" data-delay=\".1\" >Svetaini\u0173 talpinimo planai<svg viewBox=\"0 0 311.1 14.4\"><polyline points=\"0.7,13.7 13.4,0.8 25.3,12.8 37.2,0.8 49,12.8 60.9,0.8 72.8,12.8 84.7,0.8 96.6,12.8 108.4,0.8 120.3,12.8 132.2,0.8 144,12.8 155.9,0.8 167.7,12.8 179.8,0.7 191.7,12.8 203.6,0.8 215.4,12.8 227.3,0.8 239.2,12.8 251.1,0.8 262.9,12.8 274.8,0.8 286.7,12.8 298.6,0.8 310.4,12.8 \"><\/polyline><\/svg><\/h2><span data-animate=\"fadeInUp\" data-delay=\".2\">I\u0161sirinkite jums tinkam\u0105 talpinimo plan\u0105<\/span><\/div>[vc_row_inner css=&#8221;.vc_custom_1551093938152{margin-bottom: 0px !important;border-bottom-width: 0px !important;padding-bottom: 0px !important;}&#8221;][vc_column_inner width=&#8221;1\/2&#8243; offset=&#8221;vc_col-lg-3 vc_col-md-3&#8243;]\n    <!-- Pricing Table Area Start -->\n    <div id=\"pricint-table69f89615cc15f-5988\" class=\"single-ch-plan text-center\" data-delay=\"\">\n        \n        <h3>SBS-1<\/h3><p><span class=\"price\"><sup>\u20ac<\/sup>1.99<\/span><span class=\"time\">\/m\u0117n.<\/span><\/p><ul><li><i class=\"fas fa-caret-right\"><\/i>1 domeno talpinimas<\/li><li><i class=\"fas fa-caret-right\"><\/i>1 duomen\u0173 baz\u0117<\/li><li><i class=\"fas fa-caret-right\"><\/i>10GB vietos serveryje<\/li><li><i class=\"fas fa-caret-right\"><\/i>Neribojamas el. pa\u0161to d\u0117\u017eu\u010di\u0173 kiekis<\/li><li><i class=\"fas fa-caret-right\"><\/i>PHP 5.2 \u2013 7.4<\/li><li><i class=\"fas fa-caret-right\"><\/i>El. pa\u0161tas nar\u0161ykl\u0117je<\/li><li><i class=\"fas fa-caret-right\"><\/i>IMAP<\/li><li><i class=\"fas fa-caret-right\"><\/i>SSL sertifikatas<\/li><\/ul><a href=\"https:\/\/csp.on-cloud.pro\/cart.php?a=add&#038;pid=1\" class=\"btn btn-secondary\">U\u017esakyti<\/a>\n    <\/div>\n    <!-- Pricing Table Area End -->\n\n\t[\/vc_column_inner][vc_column_inner width=&#8221;1\/2&#8243; offset=&#8221;vc_col-lg-3 vc_col-md-3&#8243;]\n    <!-- Pricing Table Area Start -->\n    <div id=\"pricint-table69f89615cc25c-11\" class=\"single-ch-plan text-center\" data-delay=\"\">\n        \n        <h3>SBS-2<\/h3><p><span class=\"price\"><sup>\u20ac<\/sup>3.49<\/span><span class=\"time\">\/m\u0117n.<\/span><\/p><ul><li><i class=\"fas fa-caret-right\"><\/i>2 domen\u0173 talpinimas<\/li><li><i class=\"fas fa-caret-right\"><\/i>2 duomen\u0173 baz\u0117s<\/li><li><i class=\"fas fa-caret-right\"><\/i>20GB vietos serveryje<\/li><li><i class=\"fas fa-caret-right\"><\/i>Neribojamas el. pa\u0161to d\u0117\u017eu\u010di\u0173 kiekis<\/li><li><i class=\"fas fa-caret-right\"><\/i>PHP 5.2 \u2013 7.4<\/li><li><i class=\"fas fa-caret-right\"><\/i>El. pa\u0161tas nar\u0161ykl\u0117je<\/li><li><i class=\"fas fa-caret-right\"><\/i>IMAP<\/li><li><i class=\"fas fa-caret-right\"><\/i>SSL sertifikatas<\/li><\/ul><a href=\"https:\/\/csp.on-cloud.pro\/cart.php?a=add&#038;pid=2\" class=\"btn btn-secondary\">U\u017esakyti<\/a>\n    <\/div>\n    <!-- Pricing Table Area End -->\n\n\t[\/vc_column_inner][vc_column_inner width=&#8221;1\/2&#8243; offset=&#8221;vc_col-lg-3 vc_col-md-3&#8243;]\n    <!-- Pricing Table Area Start -->\n    <div id=\"pricint-table69f89615cc322-9126\" class=\"single-ch-plan text-center\" data-delay=\"\">\n        \n        <span class=\"standard-plan\">TOP<\/span><h3>SBS-3<\/h3><p><span class=\"price\"><sup>\u20ac<\/sup>4.49<\/span><span class=\"time\">\/m\u0117n.<\/span><\/p><ul><li><i class=\"fas fa-caret-right\"><\/i>3 domen\u0173 talpinimas<\/li><li><i class=\"fas fa-caret-right\"><\/i>3 duomen\u0173 baz\u0117s<\/li><li><i class=\"fas fa-caret-right\"><\/i>30GB vietos serveryje<\/li><li><i class=\"fas fa-caret-right\"><\/i>Neribojamas el. pa\u0161to d\u0117\u017eu\u010di\u0173 kiekis<\/li><li><i class=\"fas fa-caret-right\"><\/i>PHP 5.2 \u2013 7.4<\/li><li><i class=\"fas fa-caret-right\"><\/i>El. pa\u0161tas nar\u0161ykl\u0117je<\/li><li><i class=\"fas fa-caret-right\"><\/i>IMAP<\/li><li><i class=\"fas fa-caret-right\"><\/i>SSL sertifikatas<\/li><\/ul><a href=\"https:\/\/csp.on-cloud.pro\/cart.php?a=add&#038;pid=3\" class=\"btn btn-secondary\">U\u017esakyti<\/a>\n    <\/div>\n    <!-- Pricing Table Area End -->\n\n\t[\/vc_column_inner][vc_column_inner width=&#8221;1\/2&#8243; offset=&#8221;vc_col-lg-3 vc_col-md-3&#8243;]\n    <!-- Pricing Table Area Start -->\n    <div id=\"pricint-table69f89615cc3ba-9274\" class=\"single-ch-plan text-center\" data-delay=\"\">\n        \n        <h3>PRO<\/h3><p><span class=\"price\"><sup>\u20ac<\/sup>19.99<\/span><span class=\"time\">\/m\u0117n.<\/span><\/p><ul><li><i class=\"fas fa-caret-right\"><\/i>50 domen\u0173 talpinimas<\/li><li><i class=\"fas fa-caret-right\"><\/i>50 duomen\u0173 bazi\u0173<\/li><li><i class=\"fas fa-caret-right\"><\/i>150GB vietos serveryje<\/li><li><i class=\"fas fa-caret-right\"><\/i>Neribojamas el. pa\u0161to d\u0117\u017eu\u010di\u0173 kiekis<\/li><li><i class=\"fas fa-caret-right\"><\/i>PHP 5.2 \u2013 7.4<\/li><li><i class=\"fas fa-caret-right\"><\/i>El. pa\u0161tas nar\u0161ykl\u0117je<\/li><li><i class=\"fas fa-caret-right\"><\/i>IMAP<\/li><li><i class=\"fas fa-caret-right\"><\/i>SSL sertifikatas<\/li><\/ul><a href=\"https:\/\/csp.on-cloud.pro\/cart.php?a=add&#038;pid=4\" class=\"btn btn-secondary\">U\u017esakyti<\/a>\n    <\/div>\n    <!-- Pricing Table Area End -->\n\n\t[\/vc_column_inner][\/vc_row_inner][vc_column_text]<\/p>\n<p style=\"text-align: center;\">Kainos nurodytos be PVM<\/p>\n<p>[\/vc_column_text]\t\t<\/div>\r\n\t<\/div>\r\n\t[\/vc_column][\/vc_row][vc_row css=&#8221;.vc_custom_1551093908760{margin-top: 0px !important;border-top-width: 0px !important;padding-top: 0px !important;}&#8221;][vc_column]    <div id=\"kripdom-section69f89615cc4ea-2687\" class=\"pt-120 pb-120 vc_custom_1551089010118\">\r\n        <div class=\"container\">\r\n\t\t[vc_row_inner css=&#8221;.vc_custom_1551089206985{margin-bottom: 0px !important;border-bottom-width: 0px !important;padding-bottom: 0px !important;}&#8221;][vc_column_inner width=&#8221;1\/2&#8243; offset=&#8221;vc_col-lg-3 vc_col-md-3&#8243;]<div id=\"service69f89615cc615-9880\" class=\"single-reason text-center wpb_animate_when_almost_visible wpb_fadeInUp fadeInUp\" data-delay=\".1\"><div class=\"icon\"><i  class=\"fa fa-bug\"><\/i><\/div><h3>Apsauga nuo virus\u0173<\/h3><p>Periodinis svetaini\u0173 skanavimas nuo virus\u0173 ir kenk\u0117ji\u0161kos programin\u0117s \u012frangos<\/p><\/div>[\/vc_column_inner][vc_column_inner width=&#8221;1\/2&#8243; offset=&#8221;vc_col-lg-3 vc_col-md-3&#8243;]<div id=\"service69f89615cc6f6-3312\" class=\"single-reason text-center wpb_animate_when_almost_visible wpb_fadeInUp fadeInUp\" data-delay=\".3\"><div class=\"icon\"><i  class=\"fa fa-expeditedssl\"><\/i><\/div><h3>SSL sertifikatai<\/h3><p>Lets Encrypt nemokami SSL sertifikatai j\u016bs\u0173 sveitainei ir el. pa\u0161tui apsaugoti<\/p><\/div>[\/vc_column_inner][vc_column_inner width=&#8221;1\/2&#8243; offset=&#8221;vc_col-lg-3 vc_col-md-3&#8243;]<div id=\"service69f89615cc779-8810\" class=\"single-reason text-center wpb_animate_when_almost_visible wpb_fadeInUp fadeInUp\" data-delay=\".5\"><div class=\"icon\"><i  class=\"fa fa-envelope-square\"><\/i><\/div><h3>Apsauga nuo SPAM<\/h3><p>\u012ediegta apsauga nuo SPAM<\/p><\/div>[\/vc_column_inner][vc_column_inner width=&#8221;1\/2&#8243; offset=&#8221;vc_col-lg-3 vc_col-md-3&#8243;]<div id=\"service69f89615cc7ea-9492\" class=\"single-reason text-center wpb_animate_when_almost_visible wpb_fadeInUp fadeInUp\" data-delay=\".7\"><div class=\"icon\"><i  class=\"fa fa-cogs\"><\/i><\/div><h3>Valdymo panel\u0117<\/h3><p>\u012ediegta paslaug\u0173 valdymo panel\u0117 Plesk<\/p><\/div>[\/vc_column_inner][\/vc_row_inner]\t\t<\/div>\r\n\t<\/div>\r\n\t[\/vc_column][\/vc_row]<\/p>\n<\/div>","protected":false},"excerpt":{"rendered":"<p>[vc_row css=&#8221;.vc_custom_1554449410961{margin-top: 0px !important;margin-bottom: 0px !important;border-top-width: 0px !important;border-bottom-width: 0px !important;padding-top: 0px !important;padding-bottom: 0px !important;}&#8221;][vc_column css=&#8221;.vc_custom_1554449431011{margin-top: 0px !important;margin-bottom: 0px !important;border-top-width: 0px !important;border-bottom-width: 0px !important;padding-top: 0px !important;padding-bottom: 0px !important;}&#8221;][\/vc_column][\/vc_row][vc_row css=&#8221;.vc_custom_1551093908760{margin-top: 0px !important;border-top-width: 0px !important;padding-top: 0px !important;}&#8221;][vc_column][\/vc_column][\/vc_row]<\/p>\n","protected":false},"author":1,"featured_media":0,"parent":0,"menu_order":0,"comment_status":"closed","ping_status":"closed","template":"","meta":{"footnotes":""},"class_list":["post-2338","page","type-page","status-publish","hentry"],"_links":{"self":[{"href":"https:\/\/www.on-cloud.pro\/index.php\/wp-json\/wp\/v2\/pages\/2338"}],"collection":[{"href":"https:\/\/www.on-cloud.pro\/index.php\/wp-json\/wp\/v2\/pages"}],"about":[{"href":"https:\/\/www.on-cloud.pro\/index.php\/wp-json\/wp\/v2\/types\/page"}],"author":[{"embeddable":true,"href":"https:\/\/www.on-cloud.pro\/index.php\/wp-json\/wp\/v2\/users\/1"}],"replies":[{"embeddable":true,"href":"https:\/\/www.on-cloud.pro\/index.php\/wp-json\/wp\/v2\/comments?post=2338"}],"version-history":[{"count":51,"href":"https:\/\/www.on-cloud.pro\/index.php\/wp-json\/wp\/v2\/pages\/2338\/revisions"}],"predecessor-version":[{"id":3017,"href":"https:\/\/www.on-cloud.pro\/index.php\/wp-json\/wp\/v2\/pages\/2338\/revisions\/3017"}],"wp:attachment":[{"href":"https:\/\/www.on-cloud.pro\/index.php\/wp-json\/wp\/v2\/media?parent=2338"}],"curies":[{"name":"wp","href":"https:\/\/api.w.org\/{rel}","templated":true}]}}